nits digit of a(8)?
6
Let a(t) = 1 - 8*t**2 - 2*t + 9*t**3 - 8*t**3 - 4*t**3. What is the tens digit of a(-3)?
1
Suppose -3*j - 41 = 5*x + j, 0 = 2*x - 4*j - 6. Let s = x - -13. What is the units digit of s/(-20) + (-12)/(-5)?
2
Let t = -88 - -101. What is the tens digit of t?
1
Let h = -82 + 28. Let s = -33 - h. What is the tens digit of s?
2
What is the tens digit of ((-252)/(-48))/((-3)/(-16))?
2
Let o = 30 - -32. Suppose -4*u = -4, -2*u + o = 2*d + 2*d. What is the units digit of d?
5
Let w(i) = i**2 - 3*i. Let l be w(5). Let u = 17 - 22. Let g = u + l. What is the units digit of g?
5
Suppose -1155 = -5*x - 4*i + 3*i, 0 = x - 3*i - 247. What is the units digit of x/6 - (-6)/(-9)?
8
Suppose 5*u - 2*b - 22 = 0, -4*u + 26 - 6 = -4*b. Let f(l) be the first derivative of l**2 - l - 1. What is the units digit of f(u)?
7
Let b = 13 - 1. What is the tens digit of b/(-42) + 289/7?
4
Suppose -3*v + 7*v = 24. Suppose -l = 2*l - v. Suppose 2*z + 0*z - l = -k, -3 = -3*z + 3*k. What is the units digit of z?
1
Let x = 91 + 18. What is the hundreds digit of x?
1
Suppose -4*b = -16, 0 = -0*v - 5*v - 4*b + 376. What is the tens digit of v?
7
Suppose 12 = 4*s - 2*s - 4*b, -3*s + 4*b = -18. Suppose 0 = s*t - 3*t - 3. What is the units digit of t?
1
Let m = 227 + -1. What is the units digit of m?
6
Let d(n) = n - 1. Let z be d(2). Suppose -4*w = -z - 7. What is the units digit of w?
2
Let f = 1 + 2. Suppose f + 12 = 3*c. Suppose c*s - 22 = -2. What is the units digit of s?
4
What is the tens digit of 6*(-5)/20*-36?
5
Let c(l) = -3*l**2 - 6*l + 10. Let x(z) = z**2 + 3*z - 5. Let j(i) = -2*c(i) - 5*x(i). Suppose 3 = 3*w - 9. What is the units digit of j(w)?
9
Let r(m) = m - 3. Let b be r(7). Suppose n - 9 = t, b*n - 17 - 7 = t. Suppose 4 + 11 = n*i. What is the units digit of i?
3
Suppose -72 = y + 3*y. Let t = 20 + y. What is the units digit of t?
2
Let f(y) = -2*y + 6. Let g be f(6). Let p be 2 - (g/(-1))/(-3). Suppose -2*x - 5*d = -27, -d + 31 = p*x - 32. What is the tens digit of x?
1
Let f(k) = k**2 - 7*k - 7. What is the tens digit of f(9)?
1
Let o = -65 + 245. What is the tens digit of o?
8
Let h be (1 - 2)/(-1 - -2). Let y = 4 + h. What is the units digit of y?
3
Let w = 8 - 4. Suppose w*o + 32 = 132. What is the tens digit of o?
2
Suppose 4*n = 91 - 7. Let f = 11 - n. Let w = f + 19. What is the units digit of w?
9
Let c = -2 - -2. What is the units digit of c + 7 + -2 + 3?
8
What is the hundreds digit of (-2 - -4 - 3)*-147?
1
Let j = -5 - -4. Let b = 5 + j. Suppose -b*l + 5*w = -40, 3*l = 8*l - 5*w - 45. What is the units digit of l?
5
Suppose 2*p + 2 = -4. Let n = -1 - p. Suppose 6*b - 20 = n*b. What is the units digit of b?
5
Let v(j) = 6*j**3 + 3*j**2 - j - 2. Let i be v(-2). Let a = -24 - i. Suppose 0 = -2*u - 0*u + a. What is the units digit of u?
6
Let q(r) be the first derivative of 7*r**4/24 + r**3/6 - r**2/2 + 3. Let g(u) be the second derivative of q(u). What is the tens digit of g(2)?
1
Let l = 2 + 1. Suppose 6*r + 5 = r, l*d - r = -2. Let i(g) = -2*g - 1. What is the units digit of i(d)?
1
Let v be (-38)/(-8) - 2/(-8). Suppose 0 = c + 4*x + 15, 4*c = -c - v*x. What is the units digit of c?
5
Suppose o - 29 = 144. What is the tens digit of o?
7
Let h(c) = c - 2. Let t be h(2). Suppose 2*q = 2*n - n + 8, -n - 5*q + 27 = t. What is the units digit of n?
2
Let s = 317 - 68. What is the hundreds digit of s?
2
Let d(i) = -i**3 - i**2 + i + 4. Let o be d(0). Let f(n) be the third derivative of n**5/60 - n**4/6 + n**3/6 + 2*n**2. What is the units digit of f(o)?
1
Suppose m = 3*m + 34. Let v = 25 + m. What is the units digit of v?
8
Let g = -47 - -157. What is the hundreds digit of g?
1
Suppose 0 = -4*r - 5*p + 68, -4*p - 68 = -4*r - p. What is the units digit of r?
7
Suppose -2*s - 3*k + 0 + 4 = 0, -s + 4*k + 2 = 0. Let h be 35/2*4/5. Suppose -2*c + c + s*o = -h, 2*c - 14 = -3*o. What is the units digit of c?
0
Let x be 2 - -6*1/2. Suppose x*l - 4*y + 0*y = 79, -4*y = 5*l - 71. Suppose 5*v = -3*r + 22 + 2, v - l = -4*r. What is the units digit of r?
3
Let g(z) = -z**3 - 2*z**2 - z + 3. Let m(c) = -c**3 + c**2 + c + 1. Let d(s) = -g(s) + 2*m(s). Let j = 8 + -4. What is the units digit of d(j)?
1
Let u(l) = 27*l - 1. What is the tens digit of u(1)?
2
Let k = 6 - 11. Let w = -1 - k. What is the units digit of w?
4
Let l be (-15)/(-1) - (-6)/(-2). Let h = l + 6. Suppose -r + h = r. What is the units digit of r?
9
Let l(d) = 3*d - 1. Let q be l(-1). Let c be q/6 + (-68)/(-12). Suppose -c = -p - 2. What is the units digit of p?
3
Let q(y) = y**3 - 7*y**2 + 8*y + 5. What is the units digit of q(6)?
7
Let c = -2 + 21. Let b = 9 + c. What is the units digit of b?
8
Let h(y) = y**2 + 6*y - 16. What is the units digit of h(7)?
5
What is the units digit of (5 + -8)*(-13)/3?
3
Let b be (-52)/(-8) + (-9)/(-6). Let s be (-1)/(-4) + 17/(-4). Let t = s + b. What is the units digit of t?
4
What is the units digit of (-4 - (-115)/10)*8?
0
Let h(o) = o + 2. Let t be h(0). Let a(n) = n**3 + n**2 - 2*n. What is the units digit of a(t)?
8
Let m = -4 + 7. Suppose -m*d + 60 = 2*d. What is the units digit of d?
2
Let w = -3 - -15. What is the tens digit of (-206)/(-8) - (-3)/w?
2
Let j be (12/8)/(3/4). Suppose m - j = 9. What is the tens digit of m?
1
Let q = 197 - 139. Let m = -41 + q. What is the tens digit of m?
1
Let x(m) = 2*m**2 + 4*m - 8. Let g be x(-6). Suppose -j = 4*j - g. What is the units digit of (-1)/4 + 34/j?
4
Let j(v) = v**3 + 6*v**2 - 10*v + 25. What is the tens digit of j(-6)?
8
Let a(z) = z + 2. Let f be a(3). Suppose 4*g - 42 = 5*p, 5*p = -g - 5 + 3. Let k = g - f. What is the units digit of k?
3
Let l = -128 + 85. Let c = -8 - l. Let j = c - 21. What is the units digit of j?
4
Let y = -6 + 7. Let n(d) = d**2 + 0*d**2 - 2 + y. What is the units digit of n(3)?
8
Let m be 2/8 + 60/16. Suppose 3*o + 4 = 2*f - 6, f + m*o - 27 = 0. What is the tens digit of f?
1
Suppose -2*l = -10, -3*i = -i - 3*l - 3. What is the units digit of i?
9
Let o(g) = -11*g + g**2 + 8*g**2 + g**3 + 0*g**2. Let k be o(-10). Suppose 0*n + 2*n = a - 7, a - 3*n = k. What is the units digit of a?
1
Suppose 5 = 2*y - 1. Suppose 2*l - 4*m = 10, 7*l = y*l + 4*m + 20. What is the units digit of l?
5
Let v = -18 + 182. What is the hundreds digit of v?
1
Suppose 5*j - 26 + 6 = 0. Let d be (j/(-8))/((-2)/44). Suppose 0 = 4*t + 2*u - 49 + d, 5*t - u - 51 = 0. What is the tens digit of t?
1
Suppose 7*f - 78 = 4*f. What is the units digit of f/4 - (-1)/2?
7
Suppose -136 - 34 = -5*l. Suppose 0*n = -3*d + n + 81, d + 2*n - l = 0. What is the units digit of d?
8
Suppose 2*d + 5*h + 9 + 26 = 0, d = h - 7. Let t = -7 - d. Suppose -2*z = t - 9. What is the units digit of z?
3
Suppose w = -3*k - 1 - 2, -2*k - 3*w = 9. Suppose 0 = 4*r - 2*x + 1 + 3, 4*x + 14 = -3*r. What is the units digit of 7 + k/r + -1?
6
Suppose 0 = -3*r - 287 + 50. Let i = 120 + r. What is the tens digit of i?
4
Suppose 23 = l + 4*j, -4*j = -l + 33 - 2. What is the units digit of l?
7
Let x(b) = -40*b**3 + 1. Let q be x(-1). Let v = q + -59. What is the units digit of -10*(v/(-15) + -2)?
8
What is the units digit of (-2)/(1 - 14/10)?
5
Let w = -6 - -8. Suppose -w*p + 58 - 20 = 2*d, 4*d + 5*p - 72 = 0. What is the tens digit of d?
2
Let b(i) = -i**2 - 2*i + 4. Let k be b(-4). Let p = k - -6. What is the units digit of p?
2
Let m(f) = -4*f**3 + 3*f**2 + 8*f - 7. Let q(a) = -3*a**3 + 4*a**2 + 9*a - 6. Let z(i) = 2*m(i) - 3*q(i). What is the units digit of z(8)?
4
What is the tens digit of 2 - (0 - (-22)/(-1))?
2
Let g(k) = -k**3 + k**2 - k + 1. Let z(j) = j**3 - 9*j**2 + 2*j - 3. Let u(q) = -2*g(q) - z(q). Let c = -27 - -20. What is the units digit of u(c)?
1
Let q be (3 - 2)/((-2)/(-10)). Let c = q + 0. Suppose 0 = 3*i, -x + 5 = -c*i - 0. What is the units digit of x?
5
Let l(n) = n**3 - 2*n**2 + n + 1. Let i be l(2). Suppose 3*m + 16 = -5*o, 7 - i = -4*m + 2*o. Let y = m + 4. What is the units digit of y?
2
Let h(k) = -k**2 + 2*k + 6. What is the units digit of h(0)?
6
Let z(b) = 56*b**2 + 2*b - 2. Let o be z(1). Let c = o - 24. What is the units digit of c?
2
Let o(c) = c**3 + 3*c**2 - 5*c - 6. Let w be o(-4). What is the units digit of w/(-8) - 306/(-24)?
3
Suppose -m - 76 = -3*m. What is the units digit of m?
8
Let k(v) = -2